composite?
False
Is 5996231861 a composite number?
False
Is 1001650165 composite?
True
Is 75100349 prime?
True
Is 5921555111 a composite number?
False
Is 2368269151 composite?
False
Is 33208870691 prime?
False
Is 19651139 a prime number?
False
Is 120769799 composite?
False
Is 63166574491 composite?
True
Is 103124609669 a composite number?
False
Is 28367063279 a prime number?
True
Is 39018673739 prime?
True
Is 84191032357 a prime number?
True
Is 155777383 prime?
True
Is 1333224267 prime?
False
Is 12433299419 a composite number?
False
Is 1608987071 a prime number?
True
Is 840097759 a composite number?
False
Is 6241383751 composite?
False
Is 17466289 a composite number?
False
Is 96288356741 prime?
False
Is 2588506049 composite?
True
Is 2591563411 prime?
True
Is 23515805311 composite?
False
Is 24842169257 a composite number?
False
Is 27812579897 a prime number?
True
Is 20800044758 a prime number?
False
Is 8309881549 a composite number?
False
Is 1238436971 composite?
True
Is 46799693 composite?
False
Is 153958516091 a composite number?
False
Is 1738839293 a prime number?
False
Is 2385991226 a composite number?
True
Is 22149559 a prime number?
True
Is 33589596017 prime?
True
Is 16400114131 composite?
False
Is 4004146039 a prime number?
False
Is 30416148617 a prime number?
True
Is 9841916159 a composite number?
False
Is 2739854267 composite?
False
Is 2024807809 a composite number?
False
Is 9436544993 composite?
True
Is 20936551541 composite?
False
Is 2803321991 a composite number?
True
Is 1007636323 composite?
False
Is 2850334943 prime?
True
Is 7717584541 prime?
True
Is 14924595821 a prime number?
True
Is 75555989339 a prime number?
False
Is 6667590833 a prime number?
True
Is 11350273271 a composite number?
False
Is 2592576599 prime?
False
Is 362057921 composite?
True
Is 4492314293 composite?
True
Is 5528790413 a prime number?
True
Is 506979791 composite?
True
Is 199469058817 a composite number?
True
Is 790116077 composite?
False
Is 16690288033 a composite number?
True
Is 2838753067 composite?
False
Is 743969537 a composite number?
False
Is 949150907 a composite number?
False
Is 44642127487 a prime number?
False
Is 54733718621 a prime number?
False
Is 7678374029 a composite number?
False
Is 1247396207 a prime number?
False
Is 3150712767 a composite number?
True
Is 1677752137 composite?
True
Is 3850606873 composite?
True
Is 1503069053 prime?
True
Is 1938409399 a composite number?
False
Is 89632927 a composite number?
False
Is 713906059 composite?
False
Is 9949014217 a prime number?
True
Is 2176109209 prime?
True
Is 59675173741 a prime number?
True
Is 6031043129 composite?
False
Is 6270679013 a composite number?
True
Is 256602419 composite?
False
Is 1866340813 composite?
True
Is 317313193 prime?
False
Is 84948519473 a prime number?
False
Is 29904189743 prime?
False
Is 1351192091 a prime number?
False
Is 122295661 a prime number?
False
Is 145826351 prime?
False
Is 48692386921 composite?
False
Is 927637271 a composite number?
True
Is 3371670607 a prime number?
False
Is 1288892303 prime?
False
Is 682999747 prime?
True
Is 3220454591 a composite number?
True
Is 83137247 composite?
False
Is 2002110719 composite?
True
Is 7703025761 composite?
False
Is 33013147 composite?
False
Is 382937773 a prime number?
False
Is 5821625351 composite?
True
Is 373033685 a prime number?
False
Is 2311186331 a composite number?
False
Is 24871207667 a prime number?
False
Is 6863437873 composite?
False
Is 48001036921 a prime number?
True
Is 8994182597 a composite number?
True
Is 86891215249 composite?
False
Is 21953250491 a prime number?
True
Is 16547942093 a prime number?
True
Is 1520211881 a composite number?
False
Is 217161943 a prime number?
False
Is 68036453 a composite number?
True
Is 4049480219 a prime number?
True
Is 253831463 composite?
False
Is 3895776614 prime?
False
Is 6109505737 composite?
False
Is 796965783 prime?
False
Is 368737141 composite?
False
Is 437200109 a composite number?
False
Is 901897349 a prime number?
False
Is 1467569107 composite?
False
Is 2718169357 a composite number?
True
Is 721402489 prime?
True
Is 321721459 a composite number?
True
Is 4328856647 a prime number?
False
Is 295025389 composite?
True
Is 5021964673 prime?
False
Is 69037510699 composite?
True
Is 3177601411 prime?
True
Is 8192478331 composite?
False
Is 1661653 composite?
True
Is 414937303 a prime number?
False
Is 10859606227 prime?
False
Is 108162791 a prime number?
False
Is 3110051981 composite?
True
Is 38220051761 a composite number?
False
Is 31625450789 a prime number?
True
Is 8437019 composite?
True
Is 14286233503 prime?
False
Is 62669198507 a prime number?
True
Is 66483077 composite?
False
Is 435832715 prime?
False
Is 10780416889 prime?
False
Is 10319634877 prime?
True
Is 6668951101 prime?
True
Is 1842204283 a composite number?
True
Is 1732071997 composite?
True
Is 4772356363 a composite number?
True
Is 18798601963 composite?
True
Is 968759717 composite?
False
Is 6588327113 a composite number?
True
Is 4530112234 a composite number?
True
Is 4218214813 prime?
False
Is 15069415399 composite?
True
Is 147345773 a prime number?
True
Is 10902494419 a prime number?
False
Is 1602765163 a prime number?
True
Is 2197676578 a composite number?
True
Is 1040646029 a prime number?
True
Is 2731238189 prime?
True
Is 670210813 prime?
True
Is 1054162141 a prime number?
True
Is 15986472751 a composite number?
True
Is 288112893 a prime number?
False
Is 10288765199 composite?
False
Is 4077670297 a prime number?
True
Is 9020974757 a prime number?
False
Is 2857500691 a composite number?
True
Is 37576294829 a prime number?
False
Is 1175351183 a composite number?
False
Is 256057847 prime?
False
Is 3548525759 a prime number?
False
Is 20982089 a prime number?
True
Is 6563290501 a prime number?
False
Is 828631283 a composite number?
False
Is 70286441 a prime number?
True
Is 4298837189 a prime number?
False
Is 8203721927 prime?
False
Is 9074244083 prime?
False
Is 381913193 composite?
False
Is 21433327 composite?
True
Is 115341883 prime?
False
Is 7033348955 prime?
False
Is 4252855081 a composite number?
True
Is 454949543 prime?
True
Is 1136233001 prime?
True
Is 6766551787 a composite number?
False
Is 3888946653 a prime number?
False
Is 57709247269 prime?
False
Is 5673176393 a composite number?
True
Is 3114769367 prime?
True
Is 1584348833 a prime number?
True
Is 64903710827 a composite number?
False
Is 66767576299 composite?
False
Is 29554297673 a composite number?
False
Is 46289942693 a prime number?
False
Is 2803676699 a prime number?
True
Is 3585867419 composite?
False
Is 10138888829 a prime number?
True
Is 4504713281 a composite number?
True
Is 100868805731 prime?
True
Is 3497251213 prime?
False
Is 2912567279 composite?
True
Is 136292384499 prime?
False
Is 9052482793 composite?
True
Is 8950215079 a prime number?
False
Is 194908468217 composite?
True
Is 193248136223 prime?
False
Is 467362199 prime?
False
Is 1316332177 a composite number?
False
Is 6564254017 a composite number?
True
Is 2639009927 composite?
False
Is 8857191253 a prime number?
True
Is 28156569193 composite?
False
Is 236362301167 composite?
False
Is 141942439 a composite number?
True
Is 241510961 a composite number?
False
Is 8903409107 composite?
False
Is 8494460903 composite?
True
Is 29839729 prime?
True
Is 50169759611 a composite number?
False
Is 68699567 prime?
False
Is 15405289441 prime?
False
Is 186324826111 a prime number?
True
Is 24966023 prime?
True
Is 232886411 a composite number?
False
Is 2035164893 a prime number?
False
Is 3984467282 prime?
False
Is 964073683 a composite number?
False
Is 2281167523 a composite number?
True
Is 2216023027 a composite number?
True
Is 12908327807 a prime number?
True
Is 1327979717 composite?
False
Is 6657776897 a prime number?
True
Is 6695617 a prime number?
True
Is 423945061 composite?
False
Is 2753811503 a prime number?
True
Is 16017664153 prime?
False
Is 1015051579 a prime number?
True
Is 1110079127 prime?
True
Is 24684492361 composite?
True
Is 1888538293 a composite number?
False
Is 2809768121 composite?
False
Is 445099549 prime?
True
Is 566152609 composite?
True
Is 2861502139 a composite number?
False
Is 5138490215 composite?
True
Is 31404446029 a prime number?
False
Is 3457515307 prime?
True
Is 28